[INFO] cloning repository https://github.com/ayushpaine/rust_practice
[INFO] running `Command { std: "git" "-c" "credential.helper=" "-c" "credential.helper=/workspace/cargo-home/bin/git-credential-null" "clone" "--bare" "https://github.com/ayushpaine/rust_practice" "/workspace/cache/git-repos/https%3A%2F%2Fgithub.com%2Fayushpaine%2Frust_practice", kill_on_drop: false }`
[INFO] [stderr] Cloning into bare repository '/workspace/cache/git-repos/https%3A%2F%2Fgithub.com%2Fayushpaine%2Frust_practice'...
[INFO] running `Command { std: "git" "rev-parse" "HEAD", kill_on_drop: false }`
[INFO] [stdout] 9563db22394a4a810b228f8b0f83d7e1ae963a99
[INFO] checking ayushpaine/rust_practice against master#e6e4f7ed1589e03bc2f6c5931c1a72e7947e8682 for beta-170-4
[INFO] running `Command { std: "git" "clone" "/workspace/cache/git-repos/https%3A%2F%2Fgithub.com%2Fayushpaine%2Frust_practice" "/workspace/builds/worker-5-tc2/source", kill_on_drop: false }`
[INFO] [stderr] Cloning into '/workspace/builds/worker-5-tc2/source'...
[INFO] [stderr] done.
[INFO] validating manifest of git repo https://github.com/ayushpaine/rust_practice on toolchain e6e4f7ed1589e03bc2f6c5931c1a72e7947e8682
[INFO] running `Command { std: CARGO_HOME="/workspace/cargo-home" RUSTUP_HOME="/workspace/rustup-home" "/workspace/cargo-home/bin/cargo" "+e6e4f7ed1589e03bc2f6c5931c1a72e7947e8682" "metadata" "--manifest-path" "Cargo.toml" "--no-deps", kill_on_drop: false }`
[INFO] started tweaking git repo https://github.com/ayushpaine/rust_practice
[INFO] finished tweaking git repo https://github.com/ayushpaine/rust_practice
[INFO] tweaked toml for git repo https://github.com/ayushpaine/rust_practice written to /workspace/builds/worker-5-tc2/source/Cargo.toml
[INFO] crate git repo https://github.com/ayushpaine/rust_practice already has a lockfile, it will not be regenerated
[INFO] running `Command { std: CARGO_HOME="/workspace/cargo-home" RUSTUP_HOME="/workspace/rustup-home" "/workspace/cargo-home/bin/cargo" "+e6e4f7ed1589e03bc2f6c5931c1a72e7947e8682" "fetch" "--manifest-path" "Cargo.toml", kill_on_drop: false }`
[INFO] running `Command { std: "docker" "create" "-v" "/var/lib/crater-agent-workspace/builds/worker-5-tc2/target:/opt/rustwide/target:rw,Z" "-v" "/var/lib/crater-agent-workspace/builds/worker-5-tc2/source:/opt/rustwide/workdir:ro,Z" "-v" "/var/lib/crater-agent-workspace/cargo-home:/opt/rustwide/cargo-home:ro,Z" "-v" "/var/lib/crater-agent-workspace/rustup-home:/opt/rustwide/rustup-home:ro,Z" "-e" "SOURCE_DIR=/opt/rustwide/workdir" "-e" "CARGO_TARGET_DIR=/opt/rustwide/target" "-e" "CARGO_HOME=/opt/rustwide/cargo-home" "-e" "RUSTUP_HOME=/opt/rustwide/rustup-home" "-w" "/opt/rustwide/workdir" "-m" "1610612736" "--user" "0:0" "--network" "none" "ghcr.io/rust-lang/crates-build-env/linux@sha256:19e73879b68f455e41552ea35293514db52ea292d993f571636dbffedb77a1ee" "/opt/rustwide/cargo-home/bin/cargo" "+e6e4f7ed1589e03bc2f6c5931c1a72e7947e8682" "metadata" "--no-deps" "--format-version=1", kill_on_drop: false }`
[INFO] [stdout] 2f5f33f568b7990acdb5e74a8282b7fb426d89feaa8c537d79be2e6ff016ae6a
[INFO] running `Command { std: "docker" "start" "-a" "2f5f33f568b7990acdb5e74a8282b7fb426d89feaa8c537d79be2e6ff016ae6a", kill_on_drop: false }`
[INFO] running `Command { std: "docker" "inspect" "2f5f33f568b7990acdb5e74a8282b7fb426d89feaa8c537d79be2e6ff016ae6a", kill_on_drop: false }`
[INFO] running `Command { std: "docker" "rm" "-f" "2f5f33f568b7990acdb5e74a8282b7fb426d89feaa8c537d79be2e6ff016ae6a", kill_on_drop: false }`
[INFO] [stdout] 2f5f33f568b7990acdb5e74a8282b7fb426d89feaa8c537d79be2e6ff016ae6a
[INFO] running `Command { std: "docker" "create" "-v" "/var/lib/crater-agent-workspace/builds/worker-5-tc2/target:/opt/rustwide/target:rw,Z" "-v" "/var/lib/crater-agent-workspace/builds/worker-5-tc2/source:/opt/rustwide/workdir:ro,Z" "-v" "/var/lib/crater-agent-workspace/cargo-home:/opt/rustwide/cargo-home:ro,Z" "-v" "/var/lib/crater-agent-workspace/rustup-home:/opt/rustwide/rustup-home:ro,Z" "-e" "SOURCE_DIR=/opt/rustwide/workdir" "-e" "CARGO_TARGET_DIR=/opt/rustwide/target" "-e" "CARGO_INCREMENTAL=0" "-e" "RUST_BACKTRACE=full" "-e" "RUSTFLAGS=--cap-lints=forbid" "-e" "RUSTDOCFLAGS=--cap-lints=forbid" "-e" "CARGO_HOME=/opt/rustwide/cargo-home" "-e" "RUSTUP_HOME=/opt/rustwide/rustup-home" "-w" "/opt/rustwide/workdir" "-m" "1610612736" "--user" "0:0" "--network" "none" "ghcr.io/rust-lang/crates-build-env/linux@sha256:19e73879b68f455e41552ea35293514db52ea292d993f571636dbffedb77a1ee" "/opt/rustwide/cargo-home/bin/cargo" "+e6e4f7ed1589e03bc2f6c5931c1a72e7947e8682" "check" "--frozen" "--all" "--all-targets" "--message-format=json", kill_on_drop: false }`
[INFO] [stdout] 13d4368e5a4cb7d470187e3a26d7aa89cbaa3e3cde18c9aa26b26cc9a7e5afe1
[INFO] running `Command { std: "docker" "start" "-a" "13d4368e5a4cb7d470187e3a26d7aa89cbaa3e3cde18c9aa26b26cc9a7e5afe1", kill_on_drop: false }`
[INFO] [stderr]     Checking rand_core v0.4.2
[INFO] [stderr]     Checking atty v0.2.14
[INFO] [stderr]     Checking unicode-segmentation v1.9.0
[INFO] [stderr]     Checking colored v2.0.0
[INFO] [stderr]     Checking rand_core v0.3.1
[INFO] [stderr]     Checking rand v0.5.6
[INFO] [stderr]     Checking rumst v0.1.0 (/opt/rustwide/workdir)
[INFO] [stdout] error[E0583]: file not found for module `gtl`
[INFO] [stdout]  --> src/main.rs:1:1
[INFO] [stdout]   |
[INFO] [stdout] 1 | mod gtl;
[INFO] [stdout]   | ^^^^^^^^
[INFO] [stdout]   |
[INFO] [stdout]   = help: to create the module `gtl`, create file "src/gtl.rs" or "src/gtl/mod.rs"
[INFO] [stdout] 
[INFO] [stdout] 
[INFO] [stdout] error[E0583]: file not found for module `gtl`
[INFO] [stdout]  --> src/main.rs:1:1
[INFO] [stdout]   |
[INFO] [stdout] 1 | mod gtl;
[INFO] [stdout]   | ^^^^^^^^
[INFO] [stdout]   |
[INFO] [stdout]   = help: to create the module `gtl`, create file "src/gtl.rs" or "src/gtl/mod.rs"
[INFO] [stdout] 
[INFO] [stdout] 
[INFO] [stdout] error[E0425]: cannot find function `run` in module `gtl`
[INFO] [stdout]  --> src/main.rs:3:10
[INFO] [stdout]   |
[INFO] [stdout] 3 |     gtl::run();
[INFO] [stdout]   |          ^^^ not found in `gtl`
[INFO] [stdout] 
[INFO] [stdout] 
[INFO] [stdout] error[E0425]: cannot find function `run` in module `gtl`
[INFO] [stdout]  --> src/main.rs:3:10
[INFO] [stdout]   |
[INFO] [stdout] 3 |     gtl::run();
[INFO] [stdout]   |          ^^^ not found in `gtl`
[INFO] [stdout] 
[INFO] [stdout] 
[INFO] [stdout] error: aborting due to 2 previous errors
[INFO] [stdout] 
[INFO] [stdout] 
[INFO] [stdout] Some errors have detailed explanations: E0425, E0583.
[INFO] [stdout] 
[INFO] [stdout] For more information about an error, try `rustc --explain E0425`.
[INFO] [stdout] 
[INFO] [stdout] error: aborting due to 2 previous errors
[INFO] [stdout] 
[INFO] [stdout] 
[INFO] [stdout] Some errors have detailed explanations: E0425, E0583.
[INFO] [stdout] 
[INFO] [stdout] For more information about an error, try `rustc --explain E0425`.
[INFO] [stdout] 
[INFO] [stderr] error: could not compile `rumst` (bin "rumst") due to 3 previous errors
[INFO] [stderr] warning: build failed, waiting for other jobs to finish...
[INFO] [stderr] error: could not compile `rumst` (bin "rumst" test) due to 3 previous errors
[INFO] running `Command { std: "docker" "inspect" "13d4368e5a4cb7d470187e3a26d7aa89cbaa3e3cde18c9aa26b26cc9a7e5afe1", kill_on_drop: false }`
[INFO] running `Command { std: "docker" "rm" "-f" "13d4368e5a4cb7d470187e3a26d7aa89cbaa3e3cde18c9aa26b26cc9a7e5afe1", kill_on_drop: false }`
[INFO] [stdout] 13d4368e5a4cb7d470187e3a26d7aa89cbaa3e3cde18c9aa26b26cc9a7e5afe1
